lse
Is 3337823 a prime number?
True
Is 4730627 a prime number?
False
Is 315349 a prime number?
True
Is 88591783 composite?
True
Is 28336807 composite?
True
Is 230161799 composite?
True
Is 15961141 prime?
False
Is 10125641 prime?
True
Is 75565093 a composite number?
False
Is 1046113 a prime number?
True
Is 356723 a composite number?
True
Is 488262599 prime?
False
Is 618799 composite?
False
Is 5445197 a composite number?
False
Is 55536241 prime?
True
Is 317182 a composite number?
True
Is 1139249 a prime number?
True
Is 339123487 a prime number?
True
Is 114759101 composite?
True
Is 132862049 composite?
False
Is 5508551 composite?
False
Is 545893 a composite number?
False
Is 146900401 a prime number?
True
Is 279519001 a composite number?
False
Is 10138663 a prime number?
False
Is 20793919 a prime number?
False
Is 3443971 a composite number?
True
Is 80513 prime?
True
Is 29519507 composite?
False
Is 390543253 composite?
True
Is 10055867 a composite number?
False
Is 95272741 a composite number?
False
Is 23101439 prime?
True
Is 437321 a prime number?
True
Is 398081 prime?
False
Is 585281 composite?
True
Is 53566147 prime?
True
Is 1112379 a prime number?
False
Is 37605859 composite?
True
Is 28349963 prime?
False
Is 2752733 a prime number?
True
Is 101765891 a composite number?
False
Is 38812967 prime?
True
Is 629141 a prime number?
False
Is 11873947 composite?
True
Is 7468991 a prime number?
True
Is 155252543 composite?
True
Is 15261998 a composite number?
True
Is 61754159 composite?
True
Is 75002339 a composite number?
False
Is 7582733 prime?
True
Is 36536447 composite?
True
Is 159854561 a composite number?
False
Is 4195739 prime?
False
Is 11414719 a composite number?
True
Is 3665197 a prime number?
False
Is 454162 prime?
False
Is 2070357 prime?
False
Is 106808257 prime?
False
Is 7901041 composite?
False
Is 10677869 a composite number?
True
Is 639748771 a composite number?
False
Is 9033131 a composite number?
True
Is 1641746 a composite number?
True
Is 7465859 a composite number?
False
Is 165973498 composite?
True
Is 31640597 prime?
False
Is 32813381 prime?
False
Is 193234007 composite?
True
Is 48591269 a prime number?
False
Is 2277871 composite?
False
Is 2472537 a prime number?
False
Is 9945253 a composite number?
False
Is 7370261 prime?
True
Is 2772073 composite?
True
Is 152183 a composite number?
False
Is 6695719 composite?
True
Is 84848482 composite?
True
Is 1203263 a prime number?
True
Is 384627709 composite?
False
Is 2779033 prime?
False
Is 74281283 a composite number?
True
Is 718757503 a prime number?
False
Is 7771641 composite?
True
Is 3563723 prime?
False
Is 121499219 composite?
True
Is 339631 composite?
False
Is 5715089 a prime number?
True
Is 9746203 a composite number?
True
Is 12888851 a composite number?
False
Is 11887783 composite?
True
Is 4650881 prime?
False
Is 18682261 a prime number?
False
Is 1940271 prime?
False
Is 200843 a composite number?
False
Is 49268561 composite?
True
Is 4550411 composite?
False
Is 723598319 a prime number?
False
Is 37039033 prime?
True
Is 84247313 prime?
False
Is 4730603 a prime number?
True
Is 4828961 a composite number?
False
Is 14223107 a composite number?
False
Is 249877 a composite number?
True
Is 2570749 a composite number?
False
Is 189403 prime?
False
Is 1932031 a prime number?
False
Is 25217747 composite?
True
Is 2451079 a composite number?
False
Is 4561877 prime?
True
Is 44742917 a composite number?
False
Is 16919974 a prime number?
False
Is 4688039 composite?
True
Is 3449571 a composite number?
True
Is 967451 composite?
False
Is 2221711 a prime number?
True
Is 2513249 a composite number?
False
Is 142771663 composite?
False
Is 484466317 a composite number?
True
Is 72763 composite?
False
Is 47331685 a prime number?
False
Is 6102217 composite?
True
Is 48952711 composite?
False
Is 18068191 a composite number?
False
Is 507966145 a composite number?
True
Is 37039573 a prime number?
False
Is 43297583 a composite number?
True
Is 133548691 composite?
False
Is 4066327 prime?
True
Is 25049059 a composite number?
True
Is 1107269 a prime number?
True
Is 9090583 a composite number?
False
Is 327920969 a prime number?
True
Is 19850507 a composite number?
True
Is 1375513 composite?
False
Is 30964273 prime?
True
Is 18082811 composite?
False
Is 1778347 prime?
True
Is 260329493 a composite number?
False
Is 2325227 a prime number?
True
Is 123498589 prime?
True
Is 5572135 prime?
False
Is 21158297 prime?
False
Is 25329922 a prime number?
False
Is 701693 prime?
False
Is 137603027 composite?
False
Is 68107337 a composite number?
False
Is 14773043 composite?
False
Is 2703315179 composite?
False
Is 2798069 composite?
False
Is 1689377181 a composite number?
True
Is 319300247 a prime number?
False
Is 2324083 composite?
True
Is 994399 composite?
True
Is 1502093 a prime number?
True
Is 81136613 composite?
True
Is 10220591 a prime number?
True
Is 4269439 a prime number?
True
Is 559453 prime?
False
Is 1714265987 a prime number?
False
Is 77612761 a composite number?
False
Is 104757 composite?
True
Is 140263 a composite number?
False
Is 810880783 composite?
True
Is 38771177 a composite number?
True
Is 31761889 a composite number?
False
Is 3269033 a prime number?
False
Is 3049301 prime?
True
Is 12317533 composite?
True
Is 197902921 a prime number?
False
Is 17791807 composite?
True
Is 8189 a composite number?
True
Is 7631081 prime?
False
Is 334003 a prime number?
False
Is 3334451 a prime number?
True
Is 2798207 a prime number?
True
Is 1766269 composite?
True
Is 5293313 composite?
False
Is 1474141 a prime number?
True
Is 7935373 a composite number?
True
Is 30081153 a prime number?
False
Is 1248691 composite?
False
Is 3180963 prime?
False
Is 24415481 composite?
False
Is 46855933 a composite number?
False
Is 110212969 a composite number?
True
Is 47284813 prime?
True
Is 27780611 prime?
True
Is 6784387 a composite number?
True
Is 138439 composite?
True
Is 776003 a prime number?
True
Is 16535809 composite?
True
Is 1639427 composite?
False
Is 51503477 composite?
False
Is 73685881 a prime number?
True
Is 18642101 prime?
True
Is 218953201 a prime number?
True
Is 1484450651 composite?
False
Is 202512269 composite?
False
Is 3852913 a prime number?
True
Is 1176313 composite?
True
Is 271693 a prime number?
True
Is 523661051 prime?
False
Is 66335747 a prime number?
False
Is 2787835 prime?
False
Is 137659 composite?
False
Is 453173011 a composite number?
True
Is 19144751 composite?
False
Is 408974081 a composite number?
False
Is 570839 a prime number?
True
Is 263113 prime?
False
Is 21501929 composite?
False
Is 298112915 prime?
False
Is 73561601 a composite number?
True
Is 9800099 prime?
False
Is 49070509 a prime number?
True
Is 9979577 composite?
False
Is 2198467 a prime number?
False
Is 281189 composite?
False
Is 67245649 a composite number?
True
Is 1688809 a composite number?
False
Is 218869 composite?
True
Is 16716629 a prime number?
False
Is 58273 prime?
False
Is 218344183 composite?
False
Is 1400107 prime?
True
Is 170092943 a prime number?
True
Is 1933199 composite?
False
Is 9134803 composite?
False
Is 123679 a composite number?
True
Is 11007831 a composite number?
True
Is 60476051 a prime number?
False
Is 464120693 a composite number?
False
Is 2939939 prime?
False
Is 13661491 prime?
True
Is 11687593 composite?
True
Is 9374423 a composite number?
False
Is 161166851 prime?
False
Is 34746574 a composite number?
True
Is 65188273 a composite number?
True
Is 9489241 prime?
True
Is 8237039 a composite number?
True
Is 40061449 a prime number?
False
Is 25198057 a composite number?
True
Is 685246559 a composite number?
False
Is 72509 prime?
False
Is 302270009 a prime number?
True
Is 38361251 prime?
True
Is 13367803 composite?
True
Is 4565831 composite?
False
Is 2462939 prime?
True
Is 9893449 prime?
False
Is 9574619 prime?
True
Is 271778443 composite?
False
Is 12159941 a composite number?
False
Is 17434489 a prime number?
False
Is 131876231 composite?
False
Is 4654499 composite?
True
Is 66086131 a prime number?
False
Is 66271009 a prime number?
False
Is 47175097 prime?
True
Is 175049731 prime?
False
Is 2896291 a prime number?
False
Is 1447269 a prime number?
False
Is 21451313 a composite number?
True
Is 343955 a prime number?
False
Is 12913087 prime?